1002122221
In base 5, what is 1332324 - 1?
1332323
In base 5, what is 321401424 + 0?
321401424
In base 4, what is 322303001311 + 0?
322303001311
In base 11, what is -a2 - 260?
-352
In base 14, what is -2 + dd7c?
dd7a
In base 15, what is -ab - 54a2?
-555d
In base 16, what is -1e + -e95?
-eb3
In base 11, what is 0 + 1409a0?
1409a0
In base 3, what is -11222112 - 121100?
-12120212
In base 12, what is -4a143 + 0?
-4a143
In base 3, what is -210110 - -12111?
-120222
In base 10, what is 436153 - -4?
436157
In base 15, what is 18 + 1c8?
1e1
In base 2, what is 10011110111 + 1010010000?
11110000111
In base 13, what is 7 - -8895b?
88965
In base 16, what is 39e + -13b?
263
In base 11, what is 80584 + 41?
80615
In base 16, what is 2 - -17ee?
17f0
In base 2, what is -11111111100 + 1011111010?
-10100000010
In base 8, what is -4 + 3527404?
3527400
In base 3, what is 120202222 + 101?
120210100
In base 2, what is -1101110010011001 + 100?
-1101110010010101
In base 16, what is 13c - -1d4?
310
In base 3, what is -222 - -100211012?
100210020
In base 2, what is -10110 + 1011011111100?
1011011100110
In base 13, what is 1a833 - -17?
1a84a
In base 8, what is -33303 + 56?
-33225
In base 15, what is -65 + -12e0?
-1355
In base 2, what is -10100100 - -100000111001?
11110010101
In base 16, what is 3 - -5c5c8?
5c5cb
In base 14, what is -16 + cb6?
ca0
In base 11, what is 17996 + -a?
17987
In base 5, what is 20312 - -112?
20424
In base 6, what is -3 - -33003?
33000
In base 12, what is 25 - 522?
-4b9
In base 12, what is -14 + -16ab?
-1703
In base 14, what is -7780 + b5?
-76a9
In base 7, what is 2226 + 214?
2443
In base 14, what is 1 - 7490?
-748d
In base 7, what is -2 + -130655?
-130660
In base 4, what is -112020 - 3322?
-122002
In base 15, what is 16d4e + -3?
16d4b
In base 12, what is -a4416 - -4?
-a4412
In base 10, what is -5 + 1391471?
1391466
In base 4, what is -2120032131 - 3?
-2120032200
In base 10, what is 1052533 + -4?
1052529
In base 16, what is -537 + -155?
-68c
In base 14, what is -16239 - -6?
-16233
In base 12, what is -6 - 294?
-29a
In base 11, what is 5a7 + 50?
647
In base 9, what is -3820 - 148?
-4068
In base 14, what is 8c - 6?
86
In base 5, what is 1112432324 - -2?
1112432331
In base 6, what is 1203 + 205?
1412
In base 11, what is 60 + 141?
1a1
In base 4, what is -33 - -11312210?
11312111
In base 9, what is -1422 - -10?
-1412
In base 7, what is 1134043 - -3?
1134046
In base 13, what is 13 - 265?
-252
In base 15, what is -2b91 + 5?
-2b8b
In base 12, what is 5 + -14027?
-14022
In base 16, what is 7e020 + -8?
7e018
In base 10, what is 641775 - -3?
641778
In base 9, what is -3 + -46238?
-46242
In base 16, what is -289 - -26?
-263
In base 2, what is 1001011 + -1100111000?
-1011101101
In base 13, what is -25c + 9a?
-192
In base 14, what is 96a - 4?
966
In base 10, what is -1 + -51913?
-51914
In base 9, what is 2 - -7681?
7683
In base 3, what is 12 + -1210201122?
-1210201110
In base 16, what is 2 + 413e?
4140
In base 15, what is -234 - -4?
-230
In base 7, what is -563624 - -14?
-563610
In base 4, what is 222231300 - 11?
222231223
In base 2, what is -11100101 + 10001010?
-1011011
In base 14, what is -1 + -33c65?
-33c66
In base 8, what is -1230 + 14?
-1214
In base 10, what is -493 + 241?
-252
In base 5, what is -33 + -104301?
-104334
In base 4, what is 11 - 121330322?
-121330311
In base 3, what is 1012 + -2021101?
-2020012
In base 9, what is 171775 - -15?
171801
In base 5, what is -2412402 - 10?
-2412412
In base 14, what is 445cc9 - 5?
445cc4
In base 15, what is -5 + 155e6?
155e1
In base 5, what is 314204 + -1?
314203
In base 8, what is -110 - -26134?
26024
In base 9, what is 0 - -347725?
347725
In base 5, what is 332322 - 1012?
331310
In base 3, what is -1122111101 - 12?
-1122111120
In base 14, what is 0 - 15a4?
-15a4
In base 11, what is -3 + -24265?
-24268
In base 14, what is 3 + -324d?
-324a
In base 15, what is -2400 - -75?
-237a
In base 15, what is -199 - -7?
-192
In base 13, what is 0 - -1bb8a?
1bb8a
In base 13, what is -6 + 2b59?
2b53
In base 10, what is 71 - -1128?
1199
In base 2, what is -101111001001 - -111010?
-101110001111
In base 10, what is -119708 + -3?
-119711
In base 2, what is 110111000000100 + 0?
110111000000100
In base 3, what is -210201102 - 2?
-210201111
In base 7, what is -110 + 241?
131
In base 9, what is 30 - 26666?
-26636
In base 7, what is 2 - 12142?
-12140
In base 2, what is -101 - 100111000010011001?
-100111000010011110
In base 13, what is -161c59 + -5?
-161c61
In base 16, what is -4a0 + 95?
-40b
In base 11, what is -9849 + 5?
-9844
In base 14, what is 10 + 201d5?
20205
In base 6, what is 101512104 - -2?
101512110
In base 13, what is 553b - 3?
5538
In base 7, what is 2601400 - 5?
2601362
In base 9, what is -21362 + 73?
-21278
In base 3, what is -221 + -10211011201?
-10211012122
In base 10, what is -5407 - 18?
-5425
In base 7, what is 603350 + -3?
603344
In base 8, what is 1 - 3156151?
-3156150
In base 12, what is -13664a + 5?
-136645
In base 7, what is 112566 - -34?
112633
In base 11, what is -36a + 13698?
13329
In base 8, what is 14425 + -4?
14421
In base 4, what is 13 + 321032133?
321032212
In base 13, what is -cc56 + 4?
-cc52
In base 5, what is -22 + -110?
-132
In base 8, what is 22 + -24672?
-24650
In base 11, what is -24 - 495?
-509
In base 5, what is -2124113 - 0?
-2124113
In base 15, what is -e18d - -1?
-e18c
In base 15, what is 82535 - -9?
8253e
In base 14, what is -66 + -1b0?
-236
In base 3, what is 12110022 - -12110?
12122202
In base 8, what is 3 - -213005?
213010
In base 10, what is -284 + 1828?
1544
In base 9, what is 337564 + 1?
337565
In base 16, what is -5 - 1b40d?
-1b412
In base 15, what is 2 - -359?
35b
In base 14, what is 881 - -c?
88d
In base 13, what is 20c7 - -96?
2190
In base 3, what is -10 - 1210220001?
-1210220011
In base 6, what is 1442542 - -2?
1442544
In base 2, what is 1011100 - -111101010100?
111110110000
In base 10, what is -1 + -22658?
-22659
In base 10, what is 7 - 10309?
-10302
In base 10, what is 2656 + -252?
2404
In base 5, what is 2201131 - 11?
2201120
In base 9, what is -28 + -71310?
-71338
In base 11, what is 34 - 2022?
-1a99
In base 12, what is -5574 - -5?
-556b
In base 8, what is -34 - -52072?
52036
In base 6, what is -3322 + 3?
-3315
In base 2, what is 110101 + 11101000110111?
11101001101100
In base 13, what is 20 + -249?
-229
In base 16, what is -295 + -10d?
-3a2
In base 5, what is 243213 + -203?
243010
In base 3, what is 12121202 + -21201?
12100001
In base 4, what is -23 + 12132020?
12131331
In base 9, what is 1083 - -1181?
2274
In base 5, what is 113003301 - -23?
113003324
In base 11, what is -4532 + -22?
-4554
In base 3, what is 2 + 10111202?
10111211
In base 9, what is 76772 - -42?
76824
In base 3, what is -10022122000 + -10?
-10022122010
In base 9, what is 307365 - 5?
307360
In base 6, what is 30 - 2341?
-2311
In base 11, what is -1331a - 25?
-13344
In base 6, what is -1001 - -1530?
525
In base 16, what is 7c4 + 3a?
7fe
In base 5, what is -31 - 22342?
-22423
In base 8, what is -3 + 100420?
100415
In base 16, what is -1 + -287d?
-287e
In base 4, what is 112212 - -23?
112301
In base 3, what is -12 - -112020011?
112012222
In base 14, what is -37 - -57d?
546
In base 4, what is -2 + 132200233?
132200231
In base 8, what is 1 - -3003437?
3003440
In base 11, what is 56 - -28?
83
In base 5, what is 0 + 211232?
211232
In base 11, what is -227918 - 3?
-227920
In base 16, what is -4ec + 7?
-4e5
In base 4, what is -1002032 + -313?
-1003011
In base 12, what is 0 - -b3a?
b3a
In base 6, what is 124514 + 2005?
130523
In base 12, what is 3 + -64720?
-64719
In base 2, what is 1011000000 - -1001111?
1100001111
In base 10, what is -51369 + -5?
-51374
In base 11, what is -7750 + 25?
-7726
In base 15, what is 5268 - -3?
526b
In base 11, what is 4 - a687?
-a683
In base 3, what is 1 - 12002021?
-12002020
In base 15, what is -188 + -4d0?
-668
In base 5, what is -14 - -3334241?
3334222
In base 4, what is -123133 + 20?
-123113
In base 5, what is -4113114 - -1?
-4113113
In base 10, what is 0 - -97014?
97014
In base 6, what is -12 + -515451?
-515503
In base 9, what is 15 + -2334?
-2318
In base 12, what is -4 - -746b2?
746aa
In base 14, what is -31 - -55?
24
In base 16, what is 123a4 + 3?
123a7
In base 16, what is -21de - 